Calculate 107 + 96 + -30 + -112.
61
(-6 - 7) + (-20 + (67 - 24) - 111)
-101
0 - 57 - (-721 - -665)
-1
What is the value of -47 + 1 + (-174 - -148) + (-2 + -3 - 3)?
-80
What is ((-3 - (2 - 1)) + -37 - (141 + -137)) + -16?
-61
-1 + (18 - (-9 - -17)) + (-8 - -49) + -2
48
Evaluate 1 - 1 - -77 - (26105 - 26103).
75
-1 + (-18 - -1) - (-46 + 57)
-29
Calculate -36 + -4 + 8 - (-72 - -79).
-39
3 + 0 - ((-14 - (28 - 42) - 84) + 34)
53
Calculate (14 + 96 - 345) + 106.
-129
Evaluate 12 + (-1 - -4) - (124 - 147) - -9.
47
Calculate (8 - 24 - (-125 + 171)) + 0 + (-1 - -5).
-58
Calculate 14 - 7 - -6 - -97 - 32.
78
Evaluate (-20 - 54) + 170 - 7.
89
Calculate -15 + (33 + -54 - -31) + -57.
-62
Calculate -3 + 15 + 0 + 1 - (-9028 - -9026).
15
What is the value of -10 + -30 - -52 - (0 - -41)?
-29
Calculate 83 + (-25 - (12 - 19)) - (1 + 2).
62
Calculate -406 + 118 + 41 + 153.
-94
What is -1 + (16 - 49) - (6 + 2 + -2)?
-40
Evaluate (-4 + (-6 - -14) - (11 - -28)) + 7.
-28
What is (3 - -45) + 27 + -97?
-22
What is 38 - (33 + 83 + 20)?
-98
What is (37 - (-23 + (-23 - -75) - 18)) + 10?
36
Evaluate 25 + (-8 - 20 - -9) - 15 - 90.
-99
Calculate (50 - 28) + -4 + 6 + -17 - (51 - -1).
-45
Calculate 21 + -1 + -6 + (-82 - -72) + 98.
102
-69 + -57 - -166 - -71
111
What is (-19 - (-35 + 149)) + (-5 - 0)?
-138
(15 - (6 + 6 + (1 - 3))) + -1 + -52
-48
Calculate -1 + 13 - ((-44 - -65 - (-2 + 71)) + -21).
81
What is the value of -1 + (-21 - ((-21 - -5 - -7) + 0))?
-13
Calculate (13 - (-12 + 8)) + 23 - 14.
26
What is (159 - 70) + -22 + -40?
27
What is the value of -19 - (29 + -12 + -17 + 10)?
-29
-10 + -1 - (88 + -313 + 154)
60
What is the value of (-595 - -640) + -21 + 0?
24
What is -10 + (56 - (38 + 19)) + -13 + 0?
-24
What is the value of (220 - 188) + -16 + 1 + -1 - -8?
24
What is (108 - 71) + (110 - 65)?
82
What is -12 + 12 + 60 + 21 + -20?
61
Evaluate (-13 - 7) + 21 + -31 + 20 - -14.
4
What is the value of 0 + 21 - (64 - -33 - 34)?
-42
What is 78 - 41 - 104 - -45?
-22
(0 - -36) + -280 + 375 + -61
70
What is 31 + (68 - (42 - -25))?
32
Calculate 2 + -41 - ((20 - -21) + -32 - -8).
-56
What is the value of -3 + (1 + -1 + 9 - (-4878 + 4843))?
41
-15 + 6 + 14 + (-61 - -5)
-51
86 - (35 - (-30 - -15))
36
Evaluate 43 + -27 + 10 + -6 + -117 - -15.
-82
What is -58 - (12 - 59 - -16)?
-27
Calculate -74 + (170 - (-80 + 204)).
-28
What is 12 + (15 - 12) + -2 - (-3 - 58)?
74
What is the value of (13 + -7 + -2 - -8) + (-77 - -46)?
-19
What is the value of (17 - 14) + (9 - -3) + 4?
19
Evaluate (-23 - -27) + (-15 - -7).
-4
-2 + (-15 - (-17 + (12 - 9)))
-3
(8 + -10 - -18) + 39 + 16 + -4
67
What is -31 - ((-15 - (16 - (10 + 11))) + -1 + -3)?
-17
Evaluate 0 + -1 + -54 + -71 + 65.
-61
-13 + (-16 + 50 - (-14 + 7))
28
What is the value of (-4 + 0 - (-19 - (-4 - 12))) + 2 + 37?
38
What is 119 + (-41 - (-46 + 52)) - (-2 - 1)?
75
(-15 - -79) + -9 - 28
27
What is the value of 48 - (31 + 14 + 101)?
-98
Evaluate (22 - -42 - -13 - 6) + (0 - 7) - 7.
57
What is the value of 30 + (-1 - -12 - 20) + (-7 - -22 - -5)?
41
What is (33 - (22 + 13)) + (1 - 19) - 71?
-91
Evaluate 41 + (78 - 52) + -19.
48
Calculate -13436 + 13558 + -54 + 0.
68
Evaluate 0 - (-37 + -14 + 9) - 10 - (-9 - 2).
43
Calculate 19 + (2 - 3) + (26936 - 26948).
6
What is 904 + -944 - (1 + -38)?
-3
Evaluate (-75 + 145 - -21) + -3.
88
What is the value of -4 + 133 + -38 + -83 + (-1 - -1 - 140)?
-132
Calculate (882 - 878) + (2 - 1) + 1 + 8.
14
-17 - -17 - (-76 + 43 - 13)
46
What is (18 + -44 - -12) + (108 - 16) + -13?
65
39 + (-20 - -99) + -59
59
Evaluate -2 + 2 - -20 - (-795 - -835).
-20
46 + -10 - -21 - (-12 - (-8 - 1) - 1)
61
-46 + (-3 - (-9 + 10)) - (-1 + (-2 - 1))
-46
What is the value of -14 + 71 + (-1058 - -1059 - (1 - -1))?
56
What is (-298 + 276 + 14 + -1 - -19) + -7?
3
Evaluate 46 + (51 - 95) + 112.
114
20 + 66 - 7 - (1 - -4) - 17
57
(59 - 40) + 1 + (4 - 7) + -33
-16
What is the value of -2725 + 2782 - (126 + 3)?
-72
-285 + -143 + 303 + 132
7
What is (15 - 65 - -35) + -49?
-64
What is the value of -10 + (-7 - (-25 + -5 + 13)) + 50?
50
-17 + (-19 - (11 - 10)) + 54
17
(-108 - -121) + (-59 - (2 + -2))
-46
(-38 - (11 + -141)) + -64
28
What is 7 + 6 + -14 + -53?
-54
Calculate 87 + 63 + -168 + 102 + (1 - -2).
87
(17 - (77 + (2 - 10))) + (-8 - 0) + 4
-56
What is the value of -11 - (-118 + 65 - -46)?
-4
Calculate (0 - -40) + 3 + 49 + -67 + 18.
43
What is the value of (-2 - -12 - (30 + -27)) + -8 + 24 + -24?
-1
What is (-12 - 1) + (-49 - -72 - 16) - (-3 + -57)?
54
Evaluate (-9 - 0 - (91 - 71 - -19)) + 19.
-29
What is the value of (-5275 - -5452) + -27 + (1 - 5)?
146
Evaluate (-90 - (20 - (22 + 11))) + (-16 - -33).
-60
-1 + 7 - ((90 - -17) + -76)
-25
What is the value of -140 + (12 - (81 - 174))?
-35
What is the value of 113 + -86 + (-1 - 7)?
19
Calculate -13 - -1 - (-11 + -31 + 57 + -24).
-3
Evaluate 13 + 2 + 3 + -11 + 12 + 13.
32
Calculate (21 - -102) + -69 + -7 + (3 - 0) + 7.
57
What is (17 - -5 - -2) + (0 - 2 - (82 + -87))?
27
(200 - (-44 - -302)) + (0 - 36)
-94
Evaluate -8 - (-14 + 30) - (0 + -1 - 3).
-20
Calculate (-88 - -152) + -66 - (2 + -2 + 37).
-39
What is the value of -9 - (-4 - 4 - (-13 + 18))?
4
Calculate -60 + (-280 - -322) + -21 + 0.
-39
Evaluate -48 - 68 - (-92 + 37).
-61
Evaluate -25 + (-48 + 109 - (9 - -10)).
17
What is the value of -1479 - -1444 - (7 - (3 + -4))?
-43
Evaluate -10 - (-27 + 39) - (-2 + 19).
-39
17 + (-26 - 3) - (-2 - 81 - -3)
68
What is -6 + (-4 - -7) + 9 + 32?
38
What is the value of 26 - (26 - (30 + -68))?
-38
Evaluate (-69 - -69) + (9 - 3) + 8 + 0.
14
What is -36 - (10 + -6 - ((4 - 3) + 14))?
-25
What is the value of 1552 + -1573 - (57 + 11 - (1 + 3))?
-85
What is 3 + -27 + -14 + -29?
-67
Evaluate 1 + 11 - ((-17 - (-34 + 8)) + -59 + -53).
115
Evaluate 30 + -5 + -8 + (-30 - -2).
-11
Calculate 5 + 1 + -22 + (-11 - -12) + 51.
36
Evaluate -1 - -19 - (27 + 125 + -50 + 10).
-94
Evaluate (-1233 - -1224 - (1 + 34)) + 7.
-37
-2 + -38 + -84 + 144
20
Calculate 263 + -218 - (-28 + 147).
-74
Calculate -119 + 85 + (-4 - -46).
8
What is (9 - 10) + -64 - (-3 - (-15 - 3) - 8)?
-72
(-41 - (4 - 1)) + 2 + (2454 - 2452)
-40
What is 35 + -36 - (19 + -3 + 10)?
-27
Evaluate -12 - 7 - -47 - -19 - 18.
29
What is the value of 12 - (40 - (46 - 26) - (1 + -4)) - -6?
-5
0 - -8 - (280 - 363 - -131)
-40
Calculate (3 - (5 + -1 - (23 + -27))) + 10.
5
(-649 - -659) + 9 + 49
68
Calculate (-173 - (-21 - 76)) + -22.
-98
What is (-35 - -69) + -38 - (48 + -18)?
-34
-16 + -6 + 18 + -9 + 24
11
Calculate 4 + (-1 - 20) + (7 + (-29 - -15) - -7).
-17
Evaluate -45 + (0 - (16 - (14 - -5))).
-42
5 + (-8 - 13) + -12 + 98 - 8
62
(55 + (59 - 64) - (-4 - 1)) + -10
45
What is 16146 + -16166 - (-1 - -37)?
-56
What is the value of -10 - -1 - (-7097 + 7094)?
-6
Evaluate 6 - (86 - 0 - ((10 - 13 - 30) + 20)).
-93
What is the value of 1 + -17 - -5 - (-74 + (51 + -15 - 21))?
48
Evaluate 31 - ((-7 - -11 - (2 - (-1 + -1))) + -6).
37
What is the value of -68 + -29 + -6 + 1 + 19 + -13?
-96
Evaluate -14 + (-2 - (-1 - 20)) - -8.
13
What is the value of 88 + 9 + 13 - (-97 + 106)?
101
Calculate (375 - 417 - (1 + -4)) + 2 + -24.
-61
What is the value of 177 + -283 + (-2 - 10 - (2 + -10))?
-110
What is -81 + (214 - (-52 + 129))?
56
What is (5 + -108 - -16) + (2 - (-4 - -16) - -7)?
-90
22 + (-27 - -28) - (-5 + 9)
19
Calculate (-9 - 35) + 71 + -30 - (-1 - 124).
122
-1 + 2 + 4 + -1 + -4 - (10 - 11)
1
What is the value of 1172 + -1081 - (43 + 4)?
44
Evaluate -11 + -27 - -10 - 21.
-49
Evaluate -14 + (37 + -26 - -11) - (0 - -52).
-44
What is the value of (-1 - 159) + (-147 - -367)?
60
What is (82 - 89) + 1 + (-11 - 4 - -5)?
-16
What is the value of (-89 - -2) + (-29 - 201) + 215?
-102
Calculate (-51 + 11 - -5) + 8.
-27
What is 2 - 0 - 33 - (935 + -947)?
-19
Calculate 6 + -1 + -2 - 1 - -3 - (1801 - 1826).
30
(43 - 134) + 12 + -57 + 1
-135
(82 - 139 - -17) + -8 + (-5 - -2) + 3
-48
Calculate -5 - (-42 + (-26 - -20) - 25).
68
-10 - (18 - (70 + -16 + 5 + 2))
33
Calculate 35 + -24 + -26 + -10.
-25
Evaluate (29 - -8 - -8) + -9.
36
Calculate (5 + -17 - -2) + (-47 - -38 - (-40 + 0)).
21
What is (-36 - -9) + 56 + -17?
12
What is 29 - (12 - (10 - -1 - (220 - 229)))?
37
What is 96 - (-101 + 213) - 16?
-32
Evaluate (-7 - ((-15 - (-9 + 23)) + 13)) + (12 - 10).
11
Evaluate (-36 - (8 + (-10 - 2 - 9))) + 0.